f 80448 and 1344?
192
Calculate the greatest common factor of 2184607 and 94.
47
Calculate the greatest common factor of 142 and 11147.
71
What is the greatest common divisor of 72025 and 402?
67
Calculate the highest common divisor of 2168740 and 420.
140
Calculate the greatest common factor of 541752 and 168.
24
What is the greatest common divisor of 928 and 63104?
928
What is the highest common divisor of 108 and 296028?
108
Calculate the greatest common factor of 5969087 and 491.
491
Calculate the greatest common divisor of 56 and 3544.
8
Calculate the highest common factor of 7157 and 153.
17
Calculate the highest common divisor of 81680 and 656.
16
What is the greatest common factor of 24843 and 54587?
169
What is the highest common divisor of 59 and 1537127?
59
What is the greatest common divisor of 20215 and 715?
65
Calculate the greatest common factor of 2350 and 129700.
50
Calculate the greatest common divisor of 510 and 4063.
17
Calculate the highest common factor of 2002 and 2282.
14
What is the highest common divisor of 815 and 85?
5
Calculate the greatest common divisor of 43799 and 7.
7
What is the highest common divisor of 38467 and 6725?
269
Calculate the greatest common divisor of 544894 and 28.
14
Calculate the greatest common factor of 147 and 1988028.
147
Calculate the greatest common divisor of 133 and 13129.
19
What is the greatest common factor of 882 and 5670?
126
Calculate the highest common factor of 94 and 832464.
94
Calculate the greatest common divisor of 456 and 78432.
456
Calculate the highest common factor of 13356 and 320756.
212
Calculate the greatest common factor of 115046 and 328.
82
What is the greatest common factor of 19 and 251351?
19
Calculate the highest common divisor of 130 and 92456.
26
What is the highest common factor of 28 and 6073326?
14
Calculate the greatest common divisor of 16890 and 335.
5
Calculate the greatest common factor of 16 and 1588.
4
Calculate the highest common divisor of 352 and 412346.
22
Calculate the greatest common factor of 170838 and 171.
9
Calculate the highest common divisor of 664 and 355323.
83
What is the greatest common divisor of 368 and 512?
16
Calculate the highest common divisor of 354366 and 54.
18
Calculate the highest common divisor of 3179 and 10659.
187
Calculate the greatest common divisor of 285 and 282435.
285
What is the greatest common divisor of 204 and 419?
1
Calculate the greatest common divisor of 54 and 1666.
2
Calculate the greatest common divisor of 2278 and 138422.
134
What is the greatest common divisor of 45856 and 16?
16
What is the greatest common factor of 5872406 and 874?
874
Calculate the greatest common factor of 700986 and 132.
66
What is the highest common factor of 184 and 20401?
23
Calculate the greatest common divisor of 300 and 153150.
150
What is the highest common divisor of 45732 and 120?
12
What is the greatest common divisor of 3065956 and 808?
404
Calculate the greatest common divisor of 396 and 1435788.
36
Calculate the highest common divisor of 568 and 100039.
71
What is the highest common factor of 47 and 16454230?
47
What is the highest common divisor of 418 and 11932?
38
What is the greatest common divisor of 20 and 78580?
20
Calculate the highest common factor of 390 and 26130.
390
What is the greatest common divisor of 8756 and 17787?
11
What is the highest common factor of 101579 and 785?
157
What is the highest common divisor of 1287 and 616044?
429
What is the greatest common factor of 66 and 12562?
22
Calculate the greatest common factor of 506 and 310178.
506
What is the greatest common divisor of 1792 and 1778?
14
What is the greatest common factor of 5 and 189220?
5
Calculate the greatest common factor of 408 and 328542.
102
Calculate the greatest common factor of 624 and 25558.
26
Calculate the highest common divisor of 4590 and 27810.
270
Calculate the greatest common divisor of 51220 and 1040.
260
Calculate the highest common factor of 87 and 459853.
29
Calculate the highest common divisor of 17886 and 363.
33
Calculate the highest common divisor of 129751 and 1121.
19
What is the highest common factor of 4106860 and 1285?
1285
Calculate the highest common divisor of 30744 and 1098.
1098
Calculate the greatest common divisor of 59254 and 1075.
43
Calculate the greatest common factor of 2074 and 5882.
34
Calculate the highest common factor of 106 and 4150218.
106
What is the highest common factor of 88 and 37730?
22
What is the highest common factor of 2553004 and 1544?
772
Calculate the greatest common divisor of 52275 and 13413.
51
Calculate the highest common divisor of 3959 and 851.
37
What is the highest common factor of 1560 and 616590?
390
What is the greatest common divisor of 348 and 984?
12
Calculate the greatest common factor of 20137 and 52.
13
What is the highest common divisor of 90 and 880?
10
What is the greatest common factor of 101 and 31613?
101
What is the highest common divisor of 12976 and 16?
16
Calculate the greatest common divisor of 59 and 55519.
59
What is the greatest common factor of 466 and 33086?
466
Calculate the greatest common factor of 269 and 32.
1
What is the highest common divisor of 9179 and 7809?
137
Calculate the greatest common divisor of 352274 and 1054.
34
What is the highest common factor of 9420 and 5?
5
Calculate the greatest common divisor of 279377 and 535.
107
Calculate the greatest common divisor of 105 and 155253.
21
What is the highest common factor of 100620 and 381840?
2580
Calculate the highest common factor of 12714 and 780.
78
Calculate the highest common divisor of 1296315 and 15.
15
Calculate the greatest common factor of 68 and 342091.
17
Calculate the greatest common factor of 9983 and 1809.
67
What is the highest common factor of 178465 and 14?
7
Calculate the highest common factor of 1252080 and 240.
240
Calculate the greatest common factor of 362 and 159461.
181
What is the highest common divisor of 3174815 and 35?
35
What is the greatest common divisor of 14586 and 15158?
286
What is the greatest common factor of 446 and 8251?
223
Calculate the greatest common divisor of 7 and 150024.
7
Calculate the greatest common divisor of 30821 and 98.
49
Calculate the greatest common factor of 1537 and 5626.
29
What is the greatest common divisor of 23142 and 203?
203
What is the greatest common divisor of 2282 and 2072?
14
What is the highest common factor of 1666 and 188748?
98
What is the greatest common factor of 8209276 and 212?
212
What is the highest common divisor of 1000 and 1180?
20
What is the greatest common divisor of 138 and 73209?
69
What is the highest common factor of 76570 and 38?
38
What is the greatest common divisor of 1236 and 168?
12
What is the highest common factor of 141022 and 742?
14
Calculate the greatest common divisor of 688 and 255592.
344
What is the highest common divisor of 24706 and 418?
22
What is the highest common factor of 42109 and 9639?
17
What is the highest common divisor of 57 and 116?
1
What is the highest common factor of 488024 and 424?
424
What is the greatest common factor of 1554952 and 56?
56
Calculate the greatest common factor of 4092 and 309012.
132
What is the highest common factor of 20566 and 1547?
91
What is the greatest common factor of 1120 and 145?
5
Calculate the greatest common factor of 17169 and 291.
291
What is the greatest common factor of 72 and 8328?
24
What is the highest common divisor of 138 and 372?
6
What is the highest common factor of 2312 and 12172?
68
What is the greatest common factor of 210 and 114345?
105
Calculate the greatest common divisor of 22910 and 34510.
290
What is the greatest common divisor of 320 and 8560?
80
What is the greatest common divisor of 261 and 2909628?
261
Calculate the greatest common factor of 22 and 265078.
22
Calculate the greatest common divisor of 3621 and 2343.
213
What is the greatest common divisor of 39211 and 3817?
347
What is the highest common divisor of 28 and 92756?
4
Calculate the highest common divisor of 457 and 4.
1
Calculate the greatest common factor of 1771 and 10087.
77
What is the greatest common divisor of 620 and 12555?
155
Calculate the greatest common divisor of 351250 and 8992.
562
Calculate the greatest common divis